{"id":5629,"date":"2020-05-21T23:01:23","date_gmt":"2020-05-21T23:01:23","guid":{"rendered":"http:\/\/www.b-ar.eu\/?page_id=5629"},"modified":"2025-12-22T13:27:04","modified_gmt":"2025-12-22T11:27:04","slug":"equipo","status":"publish","type":"page","link":"https:\/\/www.b-ar.eu\/index.php\/es\/home-espanol\/equipo\/","title":{"rendered":"Equipo"},"content":{"rendered":"<p>[vc_row row_content_width=\u00bbgrid\u00bb css=\u00bb.vc_custom_1590101488984{padding-bottom: 60px !important;}\u00bb anchor=\u00bbtoni\u00bb][vc_column width=\u00bb1\/4&#8243;]<div class=\"qodef-single-image-holder    \">\n    <div class=\"qodef-si-inner\" >\n                                    <img loading=\"lazy\" decoding=\"async\" width=\"600\" height=\"600\" src=\"https:\/\/www.b-ar.eu\/wp-content\/uploads\/2020\/05\/bAR_equip_toni.jpg\" class=\"attachment-full size-full\" alt=\"\" srcset=\"https:\/\/www.b-ar.eu\/wp-content\/uploads\/2020\/05\/bAR_equip_toni.jpg 600w, https:\/\/www.b-ar.eu\/wp-content\/uploads\/2020\/05\/bAR_equip_toni-300x300.jpg 300w, https:\/\/www.b-ar.eu\/wp-content\/uploads\/2020\/05\/bAR_equip_toni-150x150.jpg 150w\" sizes=\"(max-width: 600px) 100vw, 600px\" \/>                        <\/div>\n<\/div>[\/vc_column][vc_column width=\u00bb3\/4&#8243;][vc_column_text]<\/p>\n<h3>Toni Barnadas Molins<\/h3>\n<p>Dise\u00f1ador industrial y proyectista. Estudi\u00f3 dise\u00f1o industrial en ELISAVA, en Barcelona, y despu\u00e9s de trabajar en varios despachos de arquitectura y dise\u00f1o, en 1987 funda su propio despacho en Barcelona donde tambi\u00e9n colabora con diferentes arquitectos y dise\u00f1adores desarrollando todo tipo de creaciones. Es un profesional multidisciplinar, con m\u00e1s de 30 a\u00f1os de experiencia, capaz de realizar proyectos de peque\u00f1o y gran formato, con seguimiento hasta el detalle. En la actualidad dirige el equipo de bAR Arquitectura i Disseny, formado por arquitectos y dise\u00f1adores, que realiza proyectos tanto privados como p\u00fablicos, de arquitectura, rehabilitaci\u00f3n, interiorismo y dise\u00f1o industrial.[\/vc_column_text][\/vc_column][\/vc_row][vc_row row_content_width=\u00bbgrid\u00bb css=\u00bb.vc_custom_1590101839809{padding-bottom: 60px !important;}\u00bb anchor=\u00bbpatricia\u00bb][vc_column width=\u00bb1\/4&#8243;]<div class=\"qodef-single-image-holder    \">\n    <div class=\"qodef-si-inner\" >\n                                    <img loading=\"lazy\" decoding=\"async\" width=\"873\" height=\"873\" src=\"https:\/\/www.b-ar.eu\/wp-content\/uploads\/2024\/09\/Foto-JFG-web-V2-RED.jpg\" class=\"attachment-full size-full\" alt=\"\" srcset=\"https:\/\/www.b-ar.eu\/wp-content\/uploads\/2024\/09\/Foto-JFG-web-V2-RED.jpg 873w, https:\/\/www.b-ar.eu\/wp-content\/uploads\/2024\/09\/Foto-JFG-web-V2-RED-300x300.jpg 300w, https:\/\/www.b-ar.eu\/wp-content\/uploads\/2024\/09\/Foto-JFG-web-V2-RED-150x150.jpg 150w, https:\/\/www.b-ar.eu\/wp-content\/uploads\/2024\/09\/Foto-JFG-web-V2-RED-768x768.jpg 768w, https:\/\/www.b-ar.eu\/wp-content\/uploads\/2024\/09\/Foto-JFG-web-V2-RED-650x650.jpg 650w\" sizes=\"(max-width: 873px) 100vw, 873px\" \/>                        <\/div>\n<\/div>[\/vc_column][vc_column width=\u00bb3\/4&#8243;][vc_column_text]<\/p>\n<h3>Joan Francesc Garc\u00eda Beltr\u00e1n<\/h3>\n<p>Arquitecto consultor de estructuras. Estudi\u00f3 arquitectura en la ETSAB-UPC, donde se gradu\u00f3 en 1997. Desde entonces, es miembro colegiado del COAC y de la Asociaci\u00f3n de Consultores de Estructuras (A.C.E.). Inici\u00f3 su carrera profesional en RBiA, Robert Brufau y Asociados, donde fue jefe de proyectos y jefe de grupo. M\u00e1s tarde fue asociado, y posteriormente asociado en BOMA. En 2007 fund\u00f3 JFG Consultores, dedicada a la consultor\u00eda estructural. Adem\u00e1s de ofrecer servicios de c\u00e1lculo y dise\u00f1o de estructuras, ha desarrollado sistemas constructivos innovadores, con patentes en el \u00e1mbito de forjados y estructuras modulares. En 2001 se une a bAR Arquitectura i Disseny, encarg\u00e1ndose del dise\u00f1o y c\u00e1lculo de estructuras en los proyectos del estudio.[\/vc_column_text][\/vc_column][\/vc_row][vc_row row_content_width=\u00bbgrid\u00bb css=\u00bb.vc_custom_1590101839809{padding-bottom: 60px !important;}\u00bb anchor=\u00bbpatricia\u00bb][vc_column width=\u00bb1\/4&#8243;]<div class=\"qodef-single-image-holder    \">\n    <div class=\"qodef-si-inner\" >\n                                    <img loading=\"lazy\" decoding=\"async\" width=\"600\" height=\"600\" src=\"https:\/\/www.b-ar.eu\/wp-content\/uploads\/2020\/05\/bAR_equip_patricia.jpg\" class=\"attachment-full size-full\" alt=\"\" srcset=\"https:\/\/www.b-ar.eu\/wp-content\/uploads\/2020\/05\/bAR_equip_patricia.jpg 600w, https:\/\/www.b-ar.eu\/wp-content\/uploads\/2020\/05\/bAR_equip_patricia-300x300.jpg 300w, https:\/\/www.b-ar.eu\/wp-content\/uploads\/2020\/05\/bAR_equip_patricia-150x150.jpg 150w\" sizes=\"(max-width: 600px) 100vw, 600px\" \/>                        <\/div>\n<\/div>[\/vc_column][vc_column width=\u00bb3\/4&#8243;][vc_column_text]<\/p>\n<h3>Patricia Vicario Pereda<\/h3>\n<p>Arquitecta. Estudi\u00f3 arquitectura en la ETSAB-UPC en Barcelona, donde se gradu\u00f3 en 2018. Inici\u00f3 su carrera profesional en bAR Arquitectura i Disseny durante su estancia en la universidad y se incorpor\u00f3 completamente al equipo al finalizar sus estudios. Actualmente es jefa de proyectos en el estudio, donde desarrolla y gestiona proyectos de arquitectura e interiorismo as\u00ed como dise\u00f1o de mobiliario. En 2024 finaliz\u00f3 el M\u00e1ster en BIM Management por EDITECA, ampliando sus competencias en la gesti\u00f3n y coordinaci\u00f3n de proyectos mediante tecnolog\u00edas BIM.[\/vc_column_text][\/vc_column][\/vc_row]<\/p>\n","protected":false},"excerpt":{"rendered":"<p>[vc_row row_content_width=\u00bbgrid\u00bb css=\u00bb.vc_custom_1590101488984{padding-bottom: 60px !important;}\u00bb anchor=\u00bbtoni\u00bb][vc_column width=\u00bb1\/4&#8243;][\/vc_column][vc_column width=\u00bb3\/4&#8243;][vc_column_text] Toni Barnadas Molins Dise\u00f1ador industrial y proyectista. Estudi\u00f3 dise\u00f1o industrial en ELISAVA, en Barcelona, y despu\u00e9s de trabajar en varios despachos de arquitectura y dise\u00f1o, en 1987 funda su propio despacho en [&hellip;]<\/p>\n","protected":false},"author":1,"featured_media":0,"parent":5898,"menu_order":0,"comment_status":"closed","ping_status":"closed","template":"","meta":{"footnotes":""},"yoast_head":"<!-- This site is optimized with the Yoast SEO plugin v22.4 - https:\/\/yoast.com\/wordpress\/plugins\/seo\/ -->\n<title>Equipo - bAR<\/title>\n<meta name=\"robots\" content=\"index, follow, max-snippet:-1, max-image-preview:large, max-video-preview:-1\" \/>\n<link rel=\"canonical\" href=\"https:\/\/www.b-ar.eu\/index.php\/es\/home-espanol\/equipo\/\" \/>\n<meta property=\"og:locale\" content=\"es_ES\" \/>\n<meta property=\"og:type\" content=\"article\" \/>\n<meta property=\"og:title\" content=\"Equipo - bAR\" \/>\n<meta property=\"og:description\" content=\"[vc_row row_content_width=\u00bbgrid\u00bb css=\u00bb.vc_custom_1590101488984{padding-bottom: 60px !important;}\u00bb anchor=\u00bbtoni\u00bb][vc_column width=\u00bb1\/4&#8243;][\/vc_column][vc_column width=\u00bb3\/4&#8243;][vc_column_text] Toni Barnadas Molins Dise\u00f1ador industrial y proyectista. Estudi\u00f3 dise\u00f1o industrial en ELISAVA, en Barcelona, y despu\u00e9s de trabajar en varios despachos de arquitectura y dise\u00f1o, en 1987 funda su propio despacho en [&hellip;]\" \/>\n<meta property=\"og:url\" content=\"https:\/\/www.b-ar.eu\/index.php\/es\/home-espanol\/equipo\/\" \/>\n<meta property=\"og:site_name\" content=\"bAR\" \/>\n<meta property=\"article:modified_time\" content=\"2025-12-22T11:27:04+00:00\" \/>\n<meta name=\"twitter:card\" content=\"summary_large_image\" \/>\n<meta name=\"twitter:label1\" content=\"Tiempo de lectura\" \/>\n\t<meta name=\"twitter:data1\" content=\"3 minutos\" \/>\n<script type=\"application\/ld+json\" class=\"yoast-schema-graph\">{\"@context\":\"https:\/\/schema.org\",\"@graph\":[{\"@type\":\"WebPage\",\"@id\":\"https:\/\/www.b-ar.eu\/index.php\/es\/home-espanol\/equipo\/\",\"url\":\"https:\/\/www.b-ar.eu\/index.php\/es\/home-espanol\/equipo\/\",\"name\":\"Equipo - bAR\",\"isPartOf\":{\"@id\":\"https:\/\/www.b-ar.eu\/#website\"},\"datePublished\":\"2020-05-21T23:01:23+00:00\",\"dateModified\":\"2025-12-22T11:27:04+00:00\",\"breadcrumb\":{\"@id\":\"https:\/\/www.b-ar.eu\/index.php\/es\/home-espanol\/equipo\/#breadcrumb\"},\"inLanguage\":\"es\",\"potentialAction\":[{\"@type\":\"ReadAction\",\"target\":[\"https:\/\/www.b-ar.eu\/index.php\/es\/home-espanol\/equipo\/\"]}]},{\"@type\":\"BreadcrumbList\",\"@id\":\"https:\/\/www.b-ar.eu\/index.php\/es\/home-espanol\/equipo\/#breadcrumb\",\"itemListElement\":[{\"@type\":\"ListItem\",\"position\":1,\"name\":\"Home\",\"item\":\"https:\/\/www.b-ar.eu\/\"},{\"@type\":\"ListItem\",\"position\":2,\"name\":\"Home &#8211; Espa\u00f1ol\",\"item\":\"https:\/\/www.b-ar.eu\/index.php\/es\/home-espanol\/\"},{\"@type\":\"ListItem\",\"position\":3,\"name\":\"Equipo\"}]},{\"@type\":\"WebSite\",\"@id\":\"https:\/\/www.b-ar.eu\/#website\",\"url\":\"https:\/\/www.b-ar.eu\/\",\"name\":\"bAR\",\"description\":\"Arquitectura i Disseny\",\"potentialAction\":[{\"@type\":\"SearchAction\",\"target\":{\"@type\":\"EntryPoint\",\"urlTemplate\":\"https:\/\/www.b-ar.eu\/?s={search_term_string}\"},\"query-input\":\"required name=search_term_string\"}],\"inLanguage\":\"es\"}]}<\/script>\n<!-- \/ Yoast SEO plugin. -->","yoast_head_json":{"title":"Equipo - bAR","robots":{"index":"index","follow":"follow","max-snippet":"max-snippet:-1","max-image-preview":"max-image-preview:large","max-video-preview":"max-video-preview:-1"},"canonical":"https:\/\/www.b-ar.eu\/index.php\/es\/home-espanol\/equipo\/","og_locale":"es_ES","og_type":"article","og_title":"Equipo - bAR","og_description":"[vc_row row_content_width=\u00bbgrid\u00bb css=\u00bb.vc_custom_1590101488984{padding-bottom: 60px !important;}\u00bb anchor=\u00bbtoni\u00bb][vc_column width=\u00bb1\/4&#8243;][\/vc_column][vc_column width=\u00bb3\/4&#8243;][vc_column_text] Toni Barnadas Molins Dise\u00f1ador industrial y proyectista. Estudi\u00f3 dise\u00f1o industrial en ELISAVA, en Barcelona, y despu\u00e9s de trabajar en varios despachos de arquitectura y dise\u00f1o, en 1987 funda su propio despacho en [&hellip;]","og_url":"https:\/\/www.b-ar.eu\/index.php\/es\/home-espanol\/equipo\/","og_site_name":"bAR","article_modified_time":"2025-12-22T11:27:04+00:00","twitter_card":"summary_large_image","twitter_misc":{"Tiempo de lectura":"3 minutos"},"schema":{"@context":"https:\/\/schema.org","@graph":[{"@type":"WebPage","@id":"https:\/\/www.b-ar.eu\/index.php\/es\/home-espanol\/equipo\/","url":"https:\/\/www.b-ar.eu\/index.php\/es\/home-espanol\/equipo\/","name":"Equipo - bAR","isPartOf":{"@id":"https:\/\/www.b-ar.eu\/#website"},"datePublished":"2020-05-21T23:01:23+00:00","dateModified":"2025-12-22T11:27:04+00:00","breadcrumb":{"@id":"https:\/\/www.b-ar.eu\/index.php\/es\/home-espanol\/equipo\/#breadcrumb"},"inLanguage":"es","potentialAction":[{"@type":"ReadAction","target":["https:\/\/www.b-ar.eu\/index.php\/es\/home-espanol\/equipo\/"]}]},{"@type":"BreadcrumbList","@id":"https:\/\/www.b-ar.eu\/index.php\/es\/home-espanol\/equipo\/#breadcrumb","itemListElement":[{"@type":"ListItem","position":1,"name":"Home","item":"https:\/\/www.b-ar.eu\/"},{"@type":"ListItem","position":2,"name":"Home &#8211; Espa\u00f1ol","item":"https:\/\/www.b-ar.eu\/index.php\/es\/home-espanol\/"},{"@type":"ListItem","position":3,"name":"Equipo"}]},{"@type":"WebSite","@id":"https:\/\/www.b-ar.eu\/#website","url":"https:\/\/www.b-ar.eu\/","name":"bAR","description":"Arquitectura i Disseny","potentialAction":[{"@type":"SearchAction","target":{"@type":"EntryPoint","urlTemplate":"https:\/\/www.b-ar.eu\/?s={search_term_string}"},"query-input":"required name=search_term_string"}],"inLanguage":"es"}]}},"_links":{"self":[{"href":"https:\/\/www.b-ar.eu\/index.php\/wp-json\/wp\/v2\/pages\/5629"}],"collection":[{"href":"https:\/\/www.b-ar.eu\/index.php\/wp-json\/wp\/v2\/pages"}],"about":[{"href":"https:\/\/www.b-ar.eu\/index.php\/wp-json\/wp\/v2\/types\/page"}],"author":[{"embeddable":true,"href":"https:\/\/www.b-ar.eu\/index.php\/wp-json\/wp\/v2\/users\/1"}],"replies":[{"embeddable":true,"href":"https:\/\/www.b-ar.eu\/index.php\/wp-json\/wp\/v2\/comments?post=5629"}],"version-history":[{"count":13,"href":"https:\/\/www.b-ar.eu\/index.php\/wp-json\/wp\/v2\/pages\/5629\/revisions"}],"predecessor-version":[{"id":7279,"href":"https:\/\/www.b-ar.eu\/index.php\/wp-json\/wp\/v2\/pages\/5629\/revisions\/7279"}],"up":[{"embeddable":true,"href":"https:\/\/www.b-ar.eu\/index.php\/wp-json\/wp\/v2\/pages\/5898"}],"wp:attachment":[{"href":"https:\/\/www.b-ar.eu\/index.php\/wp-json\/wp\/v2\/media?parent=5629"}],"curies":[{"name":"wp","href":"https:\/\/api.w.org\/{rel}","templated":true}]}}

<p>[vc_row row_content_width=»grid» css=».vc_custom_1590101488984{padding-bottom: 60px !important;}» anchor=»toni»][vc_column width=»1/4&#8243;]<div class="qodef-single-image-holder    ">
    <div class="qodef-si-inner" >
                                    <img loading="lazy" decoding="async" width="600" height="600" src="https://www.b-ar.eu/wp-content/uploads/2020/05/bAR_equip_toni.jpg" class="attachment-full size-full" alt="" srcset="https://www.b-ar.eu/wp-content/uploads/2020/05/bAR_equip_toni.jpg 600w, https://www.b-ar.eu/wp-content/uploads/2020/05/bAR_equip_toni-300x300.jpg 300w, https://www.b-ar.eu/wp-content/uploads/2020/05/bAR_equip_toni-150x150.jpg 150w" sizes="(max-width: 600px) 100vw, 600px" />                        </div>
</div>[/vc_column][vc_column width=»3/4&#8243;][vc_column_text]</p>
<h3>Toni Barnadas Molins</h3>
<p>Diseñador industrial y proyectista. Estudió diseño industrial en ELISAVA, en Barcelona, y después de trabajar en varios despachos de arquitectura y diseño, en 1987 funda su propio despacho en Barcelona donde también colabora con diferentes arquitectos y diseñadores desarrollando todo tipo de creaciones. Es un profesional multidisciplinar, con más de 30 años de experiencia, capaz de realizar proyectos de pequeño y gran formato, con seguimiento hasta el detalle. En la actualidad dirige el equipo de bAR Arquitectura i Disseny, formado por arquitectos y diseñadores, que realiza proyectos tanto privados como públicos, de arquitectura, rehabilitación, interiorismo y diseño industrial.[/vc_column_text][/vc_column][/vc_row][vc_row row_content_width=»grid» css=».vc_custom_1590101839809{padding-bottom: 60px !important;}» anchor=»patricia»][vc_column width=»1/4&#8243;]<div class="qodef-single-image-holder    ">
    <div class="qodef-si-inner" >
                                    <img loading="lazy" decoding="async" width="873" height="873" src="https://www.b-ar.eu/wp-content/uploads/2024/09/Foto-JFG-web-V2-RED.jpg" class="attachment-full size-full" alt="" srcset="https://www.b-ar.eu/wp-content/uploads/2024/09/Foto-JFG-web-V2-RED.jpg 873w, https://www.b-ar.eu/wp-content/uploads/2024/09/Foto-JFG-web-V2-RED-300x300.jpg 300w, https://www.b-ar.eu/wp-content/uploads/2024/09/Foto-JFG-web-V2-RED-150x150.jpg 150w, https://www.b-ar.eu/wp-content/uploads/2024/09/Foto-JFG-web-V2-RED-768x768.jpg 768w, https://www.b-ar.eu/wp-content/uploads/2024/09/Foto-JFG-web-V2-RED-650x650.jpg 650w" sizes="(max-width: 873px) 100vw, 873px" />                        </div>
</div>[/vc_column][vc_column width=»3/4&#8243;][vc_column_text]</p>
<h3>Joan Francesc García Beltrán</h3>
<p>Arquitecto consultor de estructuras. Estudió arquitectura en la ETSAB-UPC, donde se graduó en 1997. Desde entonces, es miembro colegiado del COAC y de la Asociación de Consultores de Estructuras (A.C.E.). Inició su carrera profesional en RBiA, Robert Brufau y Asociados, donde fue jefe de proyectos y jefe de grupo. Más tarde fue asociado, y posteriormente asociado en BOMA. En 2007 fundó JFG Consultores, dedicada a la consultoría estructural. Además de ofrecer servicios de cálculo y diseño de estructuras, ha desarrollado sistemas constructivos innovadores, con patentes en el ámbito de forjados y estructuras modulares. En 2001 se une a bAR Arquitectura i Disseny, encargándose del diseño y cálculo de estructuras en los proyectos del estudio.[/vc_column_text][/vc_column][/vc_row][vc_row row_content_width=»grid» css=».vc_custom_1590101839809{padding-bottom: 60px !important;}» anchor=»patricia»][vc_column width=»1/4&#8243;]<div class="qodef-single-image-holder    ">
    <div class="qodef-si-inner" >
                                    <img loading="lazy" decoding="async" width="600" height="600" src="https://www.b-ar.eu/wp-content/uploads/2020/05/bAR_equip_patricia.jpg" class="attachment-full size-full" alt="" srcset="https://www.b-ar.eu/wp-content/uploads/2020/05/bAR_equip_patricia.jpg 600w, https://www.b-ar.eu/wp-content/uploads/2020/05/bAR_equip_patricia-300x300.jpg 300w, https://www.b-ar.eu/wp-content/uploads/2020/05/bAR_equip_patricia-150x150.jpg 150w" sizes="(max-width: 600px) 100vw, 600px" />                        </div>
</div>[/vc_column][vc_column width=»3/4&#8243;][vc_column_text]</p>
<h3>Patricia Vicario Pereda</h3>
<p>Arquitecta. Estudió arquitectura en la ETSAB-UPC en Barcelona, donde se graduó en 2018. Inició su carrera profesional en bAR Arquitectura i Disseny durante su estancia en la universidad y se incorporó completamente al equipo al finalizar sus estudios. Actualmente es jefa de proyectos en el estudio, donde desarrolla y gestiona proyectos de arquitectura e interiorismo así como diseño de mobiliario. En 2024 finalizó el Máster en BIM Management por EDITECA, ampliando sus competencias en la gestión y coordinación de proyectos mediante tecnologías BIM.[/vc_column_text][/vc_column][/vc_row]</p>

<p>[vc_row row_content_width=»grid» css=».vc_custom_1590101488984{padding-bottom: 60px !important;}» anchor=»toni»][vc_column width=»1/4&#8243;][/vc_column][vc_column width=»3/4&#8243;][vc_column_text] Toni Barnadas Molins Diseñador industrial y proyectista. Estudió diseño industrial en ELISAVA, en Barcelona, y después de trabajar en varios despachos de arquitectura y diseño, en 1987 funda su propio despacho en [&hellip;]</p>

<!-- This site is optimized with the Yoast SEO plugin v22.4 - https://yoast.com/wordpress/plugins/seo/ -->
<title>Equipo - bAR</title>
<meta name="robots" content="index, follow, max-snippet:-1, max-image-preview:large, max-video-preview:-1" />
<link rel="canonical" href="https://www.b-ar.eu/index.php/es/home-espanol/equipo/" />
<meta property="og:locale" content="es_ES" />
<meta property="og:type" content="article" />
<meta property="og:title" content="Equipo - bAR" />
<meta property="og:description" content="[vc_row row_content_width=»grid» css=».vc_custom_1590101488984{padding-bottom: 60px !important;}» anchor=»toni»][vc_column width=»1/4&#8243;][/vc_column][vc_column width=»3/4&#8243;][vc_column_text] Toni Barnadas Molins Diseñador industrial y proyectista. Estudió diseño industrial en ELISAVA, en Barcelona, y después de trabajar en varios despachos de arquitectura y diseño, en 1987 funda su propio despacho en [&hellip;]" />
<meta property="og:url" content="https://www.b-ar.eu/index.php/es/home-espanol/equipo/" />
<meta property="og:site_name" content="bAR" />
<meta property="article:modified_time" content="2025-12-22T11:27:04+00:00" />
<meta name="twitter:card" content="summary_large_image" />
<meta name="twitter:label1" content="Tiempo de lectura" />
	<meta name="twitter:data1" content="3 minutos" />
<script type="application/ld+json" class="yoast-schema-graph">{"@context":"https://schema.org","@graph":[{"@type":"WebPage","@id":"https://www.b-ar.eu/index.php/es/home-espanol/equipo/","url":"https://www.b-ar.eu/index.php/es/home-espanol/equipo/","name":"Equipo - bAR","isPartOf":{"@id":"https://www.b-ar.eu/#website"},"datePublished":"2020-05-21T23:01:23+00:00","dateModified":"2025-12-22T11:27:04+00:00","breadcrumb":{"@id":"https://www.b-ar.eu/index.php/es/home-espanol/equipo/#breadcrumb"},"inLanguage":"es","potentialAction":[{"@type":"ReadAction","target":["https://www.b-ar.eu/index.php/es/home-espanol/equipo/"]}]},{"@type":"BreadcrumbList","@id":"https://www.b-ar.eu/index.php/es/home-espanol/equipo/#breadcrumb","itemListElement":[{"@type":"ListItem","position":1,"name":"Home","item":"https://www.b-ar.eu/"},{"@type":"ListItem","position":2,"name":"Home &#8211; Español","item":"https://www.b-ar.eu/index.php/es/home-espanol/"},{"@type":"ListItem","position":3,"name":"Equipo"}]},{"@type":"WebSite","@id":"https://www.b-ar.eu/#website","url":"https://www.b-ar.eu/","name":"bAR","description":"Arquitectura i Disseny","potentialAction":[{"@type":"SearchAction","target":{"@type":"EntryPoint","urlTemplate":"https://www.b-ar.eu/?s={search_term_string}"},"query-input":"required name=search_term_string"}],"inLanguage":"es"}]}</script>
<!-- / Yoast SEO plugin. -->

[vc_row row_content_width=»grid» css=».vc_custom_1590101488984{padding-bottom: 60px !important;}» anchor=»toni»][vc_column width=»1/4&#8243;][/vc_column][vc_column width=»3/4&#8243;][vc_column_text] Toni Barnadas Molins Diseñador industrial y proyectista. Estudió diseño industrial en ELISAVA, en Barcelona, y después de trabajar en varios despachos de arquitectura y diseño, en 1987 funda su propio despacho en [&hellip;]

Home &#8211; Español
