{"id":5618,"date":"2020-05-21T22:57:39","date_gmt":"2020-05-21T22:57:39","guid":{"rendered":"http:\/\/www.b-ar.eu\/?page_id=5618"},"modified":"2025-12-22T13:26:46","modified_gmt":"2025-12-22T11:26:46","slug":"equip","status":"publish","type":"page","link":"https:\/\/www.b-ar.eu\/index.php\/home\/equip\/","title":{"rendered":"Equip"},"content":{"rendered":"<p>[vc_row row_content_width=\u00bbgrid\u00bb css=\u00bb.vc_custom_1590101488984{padding-bottom: 60px !important;}\u00bb anchor=\u00bbtoni\u00bb][vc_column width=\u00bb1\/4&#8243;]<div class=\"qodef-single-image-holder    \">\n    <div class=\"qodef-si-inner\" >\n                                    <img loading=\"lazy\" decoding=\"async\" width=\"600\" height=\"600\" src=\"https:\/\/www.b-ar.eu\/wp-content\/uploads\/2020\/05\/bAR_equip_toni.jpg\" class=\"attachment-full size-full\" alt=\"\" srcset=\"https:\/\/www.b-ar.eu\/wp-content\/uploads\/2020\/05\/bAR_equip_toni.jpg 600w, https:\/\/www.b-ar.eu\/wp-content\/uploads\/2020\/05\/bAR_equip_toni-300x300.jpg 300w, https:\/\/www.b-ar.eu\/wp-content\/uploads\/2020\/05\/bAR_equip_toni-150x150.jpg 150w\" sizes=\"(max-width: 600px) 100vw, 600px\" \/>                        <\/div>\n<\/div>[\/vc_column][vc_column width=\u00bb3\/4&#8243;][vc_column_text]<\/p>\n<h3>Toni Barnadas Molins<\/h3>\n<p>Dissenyador Industrial i projectista. Va estudiar disseny industrial a ELISAVA, a Barcelona, i despr\u00e9s de treballar en varis estudis d\u2019arquitectura i de disseny,\u00a0 l\u2019any 1987 funda el seu propi despatx a Barcelona on tamb\u00e9 col\u00b7labora amb diferents arquitectes i dissenyadors desenvolupant tot tipus de creacions. \u00c9s un professional multidisciplinar, amb m\u00e9s de 30 anys d\u2019experi\u00e8ncia, capa\u00e7 de realitzar projectes de petit i gran format, amb seguiment fins el detall. Avui en dia dirigeix l\u2019equip de bAR Arquitectura i Disseny,\u00a0 format per arquitectes i dissenyadors, que realitza projectes tant privats com p\u00fablics, d\u2019arquitectura, rehabilitaci\u00f3, interiorisme i disseny de mobiliari.[\/vc_column_text][\/vc_column][\/vc_row][vc_row row_content_width=\u00bbgrid\u00bb css=\u00bb.vc_custom_1590101839809{padding-bottom: 60px !important;}\u00bb anchor=\u00bbpatricia\u00bb][vc_column width=\u00bb1\/4&#8243;]<div class=\"qodef-single-image-holder    \">\n    <div class=\"qodef-si-inner\" >\n                                    <img loading=\"lazy\" decoding=\"async\" width=\"873\" height=\"873\" src=\"https:\/\/www.b-ar.eu\/wp-content\/uploads\/2024\/09\/Foto-JFG-web-V2-RED.jpg\" class=\"attachment-full size-full\" alt=\"\" srcset=\"https:\/\/www.b-ar.eu\/wp-content\/uploads\/2024\/09\/Foto-JFG-web-V2-RED.jpg 873w, https:\/\/www.b-ar.eu\/wp-content\/uploads\/2024\/09\/Foto-JFG-web-V2-RED-300x300.jpg 300w, https:\/\/www.b-ar.eu\/wp-content\/uploads\/2024\/09\/Foto-JFG-web-V2-RED-150x150.jpg 150w, https:\/\/www.b-ar.eu\/wp-content\/uploads\/2024\/09\/Foto-JFG-web-V2-RED-768x768.jpg 768w, https:\/\/www.b-ar.eu\/wp-content\/uploads\/2024\/09\/Foto-JFG-web-V2-RED-650x650.jpg 650w\" sizes=\"(max-width: 873px) 100vw, 873px\" \/>                        <\/div>\n<\/div>[\/vc_column][vc_column width=\u00bb3\/4&#8243;][vc_column_text]<\/p>\n<h3>Joan Francesc Garc\u00eda Beltr\u00e1n<\/h3>\n<p>Arquitecte consultor d\u2019estructures. Va estudiar arquitectura a l&#8217;ETSAB-UPC, on es va llicenciar l&#8217;any 1997. Des d\u2019aleshores \u00e9s membre col\u00b7legiat del COAC i de l&#8217;Associaci\u00f3 de Consultors d&#8217;Estructures (A.C.E.). Va iniciar la seva carrera professional a RBiA, Robert Brufau i Associats, on va ser cap de projectes i cap de grup. M\u00e9s tard va ser associat i posteriorment associat a BOMA. L&#8217;any 2007 va fundar JFG Consultors, dedicada a la consultoria estructural. A m\u00e9s d&#8217;oferir serveis de c\u00e0lcul i disseny d&#8217;estructures, ha desenvolupat sistemes constructius innovadors, amb patents pr\u00f2pies en l&#8217;\u00e0mbit dels forjats i estructures modulars. L&#8217;any 2001 es vincula a bAR Arquitectura i Disseny, portant el disseny i c\u00e0lcul d\u2019estructures en els projectes de l&#8217;estudi.[\/vc_column_text][\/vc_column][\/vc_row][vc_row row_content_width=\u00bbgrid\u00bb css=\u00bb.vc_custom_1590101839809{padding-bottom: 60px !important;}\u00bb anchor=\u00bbpatricia\u00bb][vc_column width=\u00bb1\/4&#8243;]<div class=\"qodef-single-image-holder    \">\n    <div class=\"qodef-si-inner\" >\n                                    <img loading=\"lazy\" decoding=\"async\" width=\"600\" height=\"600\" src=\"https:\/\/www.b-ar.eu\/wp-content\/uploads\/2020\/05\/bAR_equip_patricia.jpg\" class=\"attachment-full size-full\" alt=\"\" srcset=\"https:\/\/www.b-ar.eu\/wp-content\/uploads\/2020\/05\/bAR_equip_patricia.jpg 600w, https:\/\/www.b-ar.eu\/wp-content\/uploads\/2020\/05\/bAR_equip_patricia-300x300.jpg 300w, https:\/\/www.b-ar.eu\/wp-content\/uploads\/2020\/05\/bAR_equip_patricia-150x150.jpg 150w\" sizes=\"(max-width: 600px) 100vw, 600px\" \/>                        <\/div>\n<\/div>[\/vc_column][vc_column width=\u00bb3\/4&#8243;][vc_column_text]<\/p>\n<h3>Patricia Vicario Pereda<\/h3>\n<p>Arquitecta. Va estudiar arquitectura a l\u2019ETSAB-UPC a Barcelona, on es va graduar l\u2019any 2018. Va iniciar la seva carrera professional a bAR Arquitectura i Disseny durant la seva estada a la universitat i s\u2019incorpora completament a l\u2019equip en finalitzar els seus estudis. Actualment \u00e9s cap de projectes al despatx, on desenvolupa i gestiona els projectes d\u2019arquitectura, interiorisme i disseny de mobiliari. Al 2024 finalitza el M\u00e0ster en BIM Management per EDITECA, ampliant les seves compet\u00e8ncies en la gesti\u00f3 i coordinaci\u00f3 de projectes mitjan\u00e7ant tecnologies BIM.[\/vc_column_text][\/vc_column][\/vc_row]<\/p>\n","protected":false},"excerpt":{"rendered":"<p>[vc_row row_content_width=\u00bbgrid\u00bb css=\u00bb.vc_custom_1590101488984{padding-bottom: 60px !important;}\u00bb anchor=\u00bbtoni\u00bb][vc_column width=\u00bb1\/4&#8243;][\/vc_column][vc_column width=\u00bb3\/4&#8243;][vc_column_text] Toni Barnadas Molins Dissenyador Industrial i projectista. Va estudiar disseny industrial a ELISAVA, a Barcelona, i despr\u00e9s de treballar en varis estudis d\u2019arquitectura i de disseny,\u00a0 l\u2019any 1987 funda el seu propi [&hellip;]<\/p>\n","protected":false},"author":1,"featured_media":0,"parent":5174,"menu_order":0,"comment_status":"closed","ping_status":"closed","template":"","meta":{"footnotes":""},"yoast_head":"<!-- This site is optimized with the Yoast SEO plugin v22.4 - https:\/\/yoast.com\/wordpress\/plugins\/seo\/ -->\n<title>Equip - bAR<\/title>\n<meta name=\"robots\" content=\"index, follow, max-snippet:-1, max-image-preview:large, max-video-preview:-1\" \/>\n<link rel=\"canonical\" href=\"https:\/\/www.b-ar.eu\/index.php\/home\/equip\/\" \/>\n<meta property=\"og:locale\" content=\"es_ES\" \/>\n<meta property=\"og:type\" content=\"article\" \/>\n<meta property=\"og:title\" content=\"Equip - bAR\" \/>\n<meta property=\"og:description\" content=\"[vc_row row_content_width=\u00bbgrid\u00bb css=\u00bb.vc_custom_1590101488984{padding-bottom: 60px !important;}\u00bb anchor=\u00bbtoni\u00bb][vc_column width=\u00bb1\/4&#8243;][\/vc_column][vc_column width=\u00bb3\/4&#8243;][vc_column_text] Toni Barnadas Molins Dissenyador Industrial i projectista. Va estudiar disseny industrial a ELISAVA, a Barcelona, i despr\u00e9s de treballar en varis estudis d\u2019arquitectura i de disseny,\u00a0 l\u2019any 1987 funda el seu propi [&hellip;]\" \/>\n<meta property=\"og:url\" content=\"https:\/\/www.b-ar.eu\/index.php\/home\/equip\/\" \/>\n<meta property=\"og:site_name\" content=\"bAR\" \/>\n<meta property=\"article:modified_time\" content=\"2025-12-22T11:26:46+00:00\" \/>\n<meta name=\"twitter:card\" content=\"summary_large_image\" \/>\n<meta name=\"twitter:label1\" content=\"Tiempo de lectura\" \/>\n\t<meta name=\"twitter:data1\" content=\"3 minutos\" \/>\n<script type=\"application\/ld+json\" class=\"yoast-schema-graph\">{\"@context\":\"https:\/\/schema.org\",\"@graph\":[{\"@type\":\"WebPage\",\"@id\":\"https:\/\/www.b-ar.eu\/index.php\/home\/equip\/\",\"url\":\"https:\/\/www.b-ar.eu\/index.php\/home\/equip\/\",\"name\":\"Equip - bAR\",\"isPartOf\":{\"@id\":\"https:\/\/www.b-ar.eu\/#website\"},\"datePublished\":\"2020-05-21T22:57:39+00:00\",\"dateModified\":\"2025-12-22T11:26:46+00:00\",\"breadcrumb\":{\"@id\":\"https:\/\/www.b-ar.eu\/index.php\/home\/equip\/#breadcrumb\"},\"inLanguage\":\"es\",\"potentialAction\":[{\"@type\":\"ReadAction\",\"target\":[\"https:\/\/www.b-ar.eu\/index.php\/home\/equip\/\"]}]},{\"@type\":\"BreadcrumbList\",\"@id\":\"https:\/\/www.b-ar.eu\/index.php\/home\/equip\/#breadcrumb\",\"itemListElement\":[{\"@type\":\"ListItem\",\"position\":1,\"name\":\"Home\",\"item\":\"https:\/\/www.b-ar.eu\/\"},{\"@type\":\"ListItem\",\"position\":2,\"name\":\"Home\",\"item\":\"https:\/\/www.b-ar.eu\/\"},{\"@type\":\"ListItem\",\"position\":3,\"name\":\"Equip\"}]},{\"@type\":\"WebSite\",\"@id\":\"https:\/\/www.b-ar.eu\/#website\",\"url\":\"https:\/\/www.b-ar.eu\/\",\"name\":\"bAR\",\"description\":\"Arquitectura i Disseny\",\"potentialAction\":[{\"@type\":\"SearchAction\",\"target\":{\"@type\":\"EntryPoint\",\"urlTemplate\":\"https:\/\/www.b-ar.eu\/?s={search_term_string}\"},\"query-input\":\"required name=search_term_string\"}],\"inLanguage\":\"es\"}]}<\/script>\n<!-- \/ Yoast SEO plugin. -->","yoast_head_json":{"title":"Equip - bAR","robots":{"index":"index","follow":"follow","max-snippet":"max-snippet:-1","max-image-preview":"max-image-preview:large","max-video-preview":"max-video-preview:-1"},"canonical":"https:\/\/www.b-ar.eu\/index.php\/home\/equip\/","og_locale":"es_ES","og_type":"article","og_title":"Equip - bAR","og_description":"[vc_row row_content_width=\u00bbgrid\u00bb css=\u00bb.vc_custom_1590101488984{padding-bottom: 60px !important;}\u00bb anchor=\u00bbtoni\u00bb][vc_column width=\u00bb1\/4&#8243;][\/vc_column][vc_column width=\u00bb3\/4&#8243;][vc_column_text] Toni Barnadas Molins Dissenyador Industrial i projectista. Va estudiar disseny industrial a ELISAVA, a Barcelona, i despr\u00e9s de treballar en varis estudis d\u2019arquitectura i de disseny,\u00a0 l\u2019any 1987 funda el seu propi [&hellip;]","og_url":"https:\/\/www.b-ar.eu\/index.php\/home\/equip\/","og_site_name":"bAR","article_modified_time":"2025-12-22T11:26:46+00:00","twitter_card":"summary_large_image","twitter_misc":{"Tiempo de lectura":"3 minutos"},"schema":{"@context":"https:\/\/schema.org","@graph":[{"@type":"WebPage","@id":"https:\/\/www.b-ar.eu\/index.php\/home\/equip\/","url":"https:\/\/www.b-ar.eu\/index.php\/home\/equip\/","name":"Equip - bAR","isPartOf":{"@id":"https:\/\/www.b-ar.eu\/#website"},"datePublished":"2020-05-21T22:57:39+00:00","dateModified":"2025-12-22T11:26:46+00:00","breadcrumb":{"@id":"https:\/\/www.b-ar.eu\/index.php\/home\/equip\/#breadcrumb"},"inLanguage":"es","potentialAction":[{"@type":"ReadAction","target":["https:\/\/www.b-ar.eu\/index.php\/home\/equip\/"]}]},{"@type":"BreadcrumbList","@id":"https:\/\/www.b-ar.eu\/index.php\/home\/equip\/#breadcrumb","itemListElement":[{"@type":"ListItem","position":1,"name":"Home","item":"https:\/\/www.b-ar.eu\/"},{"@type":"ListItem","position":2,"name":"Home","item":"https:\/\/www.b-ar.eu\/"},{"@type":"ListItem","position":3,"name":"Equip"}]},{"@type":"WebSite","@id":"https:\/\/www.b-ar.eu\/#website","url":"https:\/\/www.b-ar.eu\/","name":"bAR","description":"Arquitectura i Disseny","potentialAction":[{"@type":"SearchAction","target":{"@type":"EntryPoint","urlTemplate":"https:\/\/www.b-ar.eu\/?s={search_term_string}"},"query-input":"required name=search_term_string"}],"inLanguage":"es"}]}},"_links":{"self":[{"href":"https:\/\/www.b-ar.eu\/index.php\/wp-json\/wp\/v2\/pages\/5618"}],"collection":[{"href":"https:\/\/www.b-ar.eu\/index.php\/wp-json\/wp\/v2\/pages"}],"about":[{"href":"https:\/\/www.b-ar.eu\/index.php\/wp-json\/wp\/v2\/types\/page"}],"author":[{"embeddable":true,"href":"https:\/\/www.b-ar.eu\/index.php\/wp-json\/wp\/v2\/users\/1"}],"replies":[{"embeddable":true,"href":"https:\/\/www.b-ar.eu\/index.php\/wp-json\/wp\/v2\/comments?post=5618"}],"version-history":[{"count":21,"href":"https:\/\/www.b-ar.eu\/index.php\/wp-json\/wp\/v2\/pages\/5618\/revisions"}],"predecessor-version":[{"id":7278,"href":"https:\/\/www.b-ar.eu\/index.php\/wp-json\/wp\/v2\/pages\/5618\/revisions\/7278"}],"up":[{"embeddable":true,"href":"https:\/\/www.b-ar.eu\/index.php\/wp-json\/wp\/v2\/pages\/5174"}],"wp:attachment":[{"href":"https:\/\/www.b-ar.eu\/index.php\/wp-json\/wp\/v2\/media?parent=5618"}],"curies":[{"name":"wp","href":"https:\/\/api.w.org\/{rel}","templated":true}]}}

<p>[vc_row row_content_width=»grid» css=».vc_custom_1590101488984{padding-bottom: 60px !important;}» anchor=»toni»][vc_column width=»1/4&#8243;]<div class="qodef-single-image-holder    ">
    <div class="qodef-si-inner" >
                                    <img loading="lazy" decoding="async" width="600" height="600" src="https://www.b-ar.eu/wp-content/uploads/2020/05/bAR_equip_toni.jpg" class="attachment-full size-full" alt="" srcset="https://www.b-ar.eu/wp-content/uploads/2020/05/bAR_equip_toni.jpg 600w, https://www.b-ar.eu/wp-content/uploads/2020/05/bAR_equip_toni-300x300.jpg 300w, https://www.b-ar.eu/wp-content/uploads/2020/05/bAR_equip_toni-150x150.jpg 150w" sizes="(max-width: 600px) 100vw, 600px" />                        </div>
</div>[/vc_column][vc_column width=»3/4&#8243;][vc_column_text]</p>
<h3>Toni Barnadas Molins</h3>
<p>Dissenyador Industrial i projectista. Va estudiar disseny industrial a ELISAVA, a Barcelona, i després de treballar en varis estudis d’arquitectura i de disseny,  l’any 1987 funda el seu propi despatx a Barcelona on també col·labora amb diferents arquitectes i dissenyadors desenvolupant tot tipus de creacions. És un professional multidisciplinar, amb més de 30 anys d’experiència, capaç de realitzar projectes de petit i gran format, amb seguiment fins el detall. Avui en dia dirigeix l’equip de bAR Arquitectura i Disseny,  format per arquitectes i dissenyadors, que realitza projectes tant privats com públics, d’arquitectura, rehabilitació, interiorisme i disseny de mobiliari.[/vc_column_text][/vc_column][/vc_row][vc_row row_content_width=»grid» css=».vc_custom_1590101839809{padding-bottom: 60px !important;}» anchor=»patricia»][vc_column width=»1/4&#8243;]<div class="qodef-single-image-holder    ">
    <div class="qodef-si-inner" >
                                    <img loading="lazy" decoding="async" width="873" height="873" src="https://www.b-ar.eu/wp-content/uploads/2024/09/Foto-JFG-web-V2-RED.jpg" class="attachment-full size-full" alt="" srcset="https://www.b-ar.eu/wp-content/uploads/2024/09/Foto-JFG-web-V2-RED.jpg 873w, https://www.b-ar.eu/wp-content/uploads/2024/09/Foto-JFG-web-V2-RED-300x300.jpg 300w, https://www.b-ar.eu/wp-content/uploads/2024/09/Foto-JFG-web-V2-RED-150x150.jpg 150w, https://www.b-ar.eu/wp-content/uploads/2024/09/Foto-JFG-web-V2-RED-768x768.jpg 768w, https://www.b-ar.eu/wp-content/uploads/2024/09/Foto-JFG-web-V2-RED-650x650.jpg 650w" sizes="(max-width: 873px) 100vw, 873px" />                        </div>
</div>[/vc_column][vc_column width=»3/4&#8243;][vc_column_text]</p>
<h3>Joan Francesc García Beltrán</h3>
<p>Arquitecte consultor d’estructures. Va estudiar arquitectura a l&#8217;ETSAB-UPC, on es va llicenciar l&#8217;any 1997. Des d’aleshores és membre col·legiat del COAC i de l&#8217;Associació de Consultors d&#8217;Estructures (A.C.E.). Va iniciar la seva carrera professional a RBiA, Robert Brufau i Associats, on va ser cap de projectes i cap de grup. Més tard va ser associat i posteriorment associat a BOMA. L&#8217;any 2007 va fundar JFG Consultors, dedicada a la consultoria estructural. A més d&#8217;oferir serveis de càlcul i disseny d&#8217;estructures, ha desenvolupat sistemes constructius innovadors, amb patents pròpies en l&#8217;àmbit dels forjats i estructures modulars. L&#8217;any 2001 es vincula a bAR Arquitectura i Disseny, portant el disseny i càlcul d’estructures en els projectes de l&#8217;estudi.[/vc_column_text][/vc_column][/vc_row][vc_row row_content_width=»grid» css=».vc_custom_1590101839809{padding-bottom: 60px !important;}» anchor=»patricia»][vc_column width=»1/4&#8243;]<div class="qodef-single-image-holder    ">
    <div class="qodef-si-inner" >
                                    <img loading="lazy" decoding="async" width="600" height="600" src="https://www.b-ar.eu/wp-content/uploads/2020/05/bAR_equip_patricia.jpg" class="attachment-full size-full" alt="" srcset="https://www.b-ar.eu/wp-content/uploads/2020/05/bAR_equip_patricia.jpg 600w, https://www.b-ar.eu/wp-content/uploads/2020/05/bAR_equip_patricia-300x300.jpg 300w, https://www.b-ar.eu/wp-content/uploads/2020/05/bAR_equip_patricia-150x150.jpg 150w" sizes="(max-width: 600px) 100vw, 600px" />                        </div>
</div>[/vc_column][vc_column width=»3/4&#8243;][vc_column_text]</p>
<h3>Patricia Vicario Pereda</h3>
<p>Arquitecta. Va estudiar arquitectura a l’ETSAB-UPC a Barcelona, on es va graduar l’any 2018. Va iniciar la seva carrera professional a bAR Arquitectura i Disseny durant la seva estada a la universitat i s’incorpora completament a l’equip en finalitzar els seus estudis. Actualment és cap de projectes al despatx, on desenvolupa i gestiona els projectes d’arquitectura, interiorisme i disseny de mobiliari. Al 2024 finalitza el Màster en BIM Management per EDITECA, ampliant les seves competències en la gestió i coordinació de projectes mitjançant tecnologies BIM.[/vc_column_text][/vc_column][/vc_row]</p>

<p>[vc_row row_content_width=»grid» css=».vc_custom_1590101488984{padding-bottom: 60px !important;}» anchor=»toni»][vc_column width=»1/4&#8243;][/vc_column][vc_column width=»3/4&#8243;][vc_column_text] Toni Barnadas Molins Dissenyador Industrial i projectista. Va estudiar disseny industrial a ELISAVA, a Barcelona, i després de treballar en varis estudis d’arquitectura i de disseny,  l’any 1987 funda el seu propi [&hellip;]</p>

<!-- This site is optimized with the Yoast SEO plugin v22.4 - https://yoast.com/wordpress/plugins/seo/ -->
<title>Equip - bAR</title>
<meta name="robots" content="index, follow, max-snippet:-1, max-image-preview:large, max-video-preview:-1" />
<link rel="canonical" href="https://www.b-ar.eu/index.php/home/equip/" />
<meta property="og:locale" content="es_ES" />
<meta property="og:type" content="article" />
<meta property="og:title" content="Equip - bAR" />
<meta property="og:description" content="[vc_row row_content_width=»grid» css=».vc_custom_1590101488984{padding-bottom: 60px !important;}» anchor=»toni»][vc_column width=»1/4&#8243;][/vc_column][vc_column width=»3/4&#8243;][vc_column_text] Toni Barnadas Molins Dissenyador Industrial i projectista. Va estudiar disseny industrial a ELISAVA, a Barcelona, i després de treballar en varis estudis d’arquitectura i de disseny,  l’any 1987 funda el seu propi [&hellip;]" />
<meta property="og:url" content="https://www.b-ar.eu/index.php/home/equip/" />
<meta property="og:site_name" content="bAR" />
<meta property="article:modified_time" content="2025-12-22T11:26:46+00:00" />
<meta name="twitter:card" content="summary_large_image" />
<meta name="twitter:label1" content="Tiempo de lectura" />
	<meta name="twitter:data1" content="3 minutos" />
<script type="application/ld+json" class="yoast-schema-graph">{"@context":"https://schema.org","@graph":[{"@type":"WebPage","@id":"https://www.b-ar.eu/index.php/home/equip/","url":"https://www.b-ar.eu/index.php/home/equip/","name":"Equip - bAR","isPartOf":{"@id":"https://www.b-ar.eu/#website"},"datePublished":"2020-05-21T22:57:39+00:00","dateModified":"2025-12-22T11:26:46+00:00","breadcrumb":{"@id":"https://www.b-ar.eu/index.php/home/equip/#breadcrumb"},"inLanguage":"es","potentialAction":[{"@type":"ReadAction","target":["https://www.b-ar.eu/index.php/home/equip/"]}]},{"@type":"BreadcrumbList","@id":"https://www.b-ar.eu/index.php/home/equip/#breadcrumb","itemListElement":[{"@type":"ListItem","position":1,"name":"Home","item":"https://www.b-ar.eu/"},{"@type":"ListItem","position":2,"name":"Home","item":"https://www.b-ar.eu/"},{"@type":"ListItem","position":3,"name":"Equip"}]},{"@type":"WebSite","@id":"https://www.b-ar.eu/#website","url":"https://www.b-ar.eu/","name":"bAR","description":"Arquitectura i Disseny","potentialAction":[{"@type":"SearchAction","target":{"@type":"EntryPoint","urlTemplate":"https://www.b-ar.eu/?s={search_term_string}"},"query-input":"required name=search_term_string"}],"inLanguage":"es"}]}</script>
<!-- / Yoast SEO plugin. -->

[vc_row row_content_width=»grid» css=».vc_custom_1590101488984{padding-bottom: 60px !important;}» anchor=»toni»][vc_column width=»1/4&#8243;][/vc_column][vc_column width=»3/4&#8243;][vc_column_text] Toni Barnadas Molins Dissenyador Industrial i projectista. Va estudiar disseny industrial a ELISAVA, a Barcelona, i després de treballar en varis estudis d’arquitectura i de disseny,  l’any 1987 funda el seu propi [&hellip;]
